 What is the units digit of b?
3
Suppose 0 = -0*i - i. Suppose i = 5*y - 9*y + 56. What is the tens digit of y?
1
What is the tens digit of 3475 - (-3 - -2)/(31/(-62))?
7
Suppose -3*z - h + 7629 = 0, 4*z - 8190 = -3*h + 1977. What is the units digit of z?
4
Let n = 7 + 1. Let x = n - 4. Suppose -39 + 3 = -x*b. What is the units digit of b?
9
Let i(n) = n + 3. Let h be i(9). Let p be (-4)/h + 28/(-6). Let g(z) = z**3 + 7*z**2 + 3*z. What is the tens digit of g(p)?
3
Let u be 138/(1 + 21/(-12)). Let l = 363 + u. What is the units digit of l?
9
Let o(k) = -38*k + 17. Let t be o(-5). Suppose h + 103 = -7*l + 9*l, 0 = -4*l + h + t. What is the units digit of l?
2
Suppose -m + 1165 = 3*a, -6*a = -a - 4*m - 1919. What is the units digit of a?
7
What is the tens digit of (7/(-2))/(38/(-4712))?
3
Let p = 2 - 5. Let c be 18/((p + 1)/(-12)). What is the tens digit of 15/(-2)*c/(-30)?
2
Let l(a) = -21*a**3 + 6*a + 3. Let i(g) = -21*g**3 + 7*g + 4. Let s(z) = 4*i(z) - 5*l(z). Let p be s(1). What is the units digit of (-1 - 1)*p/(-8)?
5
Suppose 2*h + 168 = 498. Suppose h - 37 = -f. What is the units digit of (-6)/((-4)/(f/(-12)))?
6
Let z(n) = 2*n**2 + n - 1. Suppose 2*b + 2*r + 14 = 0, -2*b - 5*r = -0*b + 20. Let q be 5 + -3 + 4 + b. What is the units digit of z(q)?
2
Let t = 9850 - 4940. What is the units digit of t?
0
Let m = 265 - -42. What is the tens digit of m?
0
Let y = 2011 + -1166. What is the units digit of y?
5
Let g = -14 + 19. Suppose -g*d - 2*p + 7 = 0, -3 = -2*d - p - 1. Suppose -5*v = 20, d*v = 5*u - 83 - 79. What is the units digit of u?
0
Suppose 9 - 21 = -3*s. Suppose 2*n - 7 = -3*f + 1, -s = 3*f - n. Suppose -280 = -7*u - f*u. What is the units digit of u?
0
Suppose -3*t = 10 - 19. Suppose -k + 659 = 4*v - 4*k, 4*k = t*v - 489. What is the hundreds digit of v?
1
Let b(q) = -q**3 - 5*q**2 - 3*q - 6. Let a be b(-5). Suppose a = 15*k - 14*k. What is the units digit of k?
9
Let a(o) = o**2 + 9*o + 16. Let s = 119 - 75. Suppose -3*m + 4 = -3*k + k, -5*k - m = s. What is the units digit of a(k)?
8
Suppose 0*j + 1548 = 6*j. What is the tens digit of (-3)/2 - j/(-4)?
6
Let r(t) = -5*t**3 - 7*t**2 - 8*t. What is the tens digit of r(-2)?
2
Suppose 3 = -x + 4*m, m = 2*x - 0*m - 22. Let g = x - -12. Suppose -3*b = -g - 134. What is the units digit of b?
3
Let w(x) = 2*x**2 + 21*x - 26. Let s be w(-12). What is the units digit of 1858/14 + (-5)/((-175)/s)?
3
Suppose -13*z + 18*z - 1175 = -4*u, -625 = -2*u + 5*z. What is the units digit of u?
0
Suppose -2486*u + 2496*u = 5350. What is the units digit of u?
5
Let f = 20 - 20. Suppose h + s - 51 = f, 1 - 50 = -h - 2*s. What is the units digit of h?
3
Suppose 8*l - 16 = 7*l. Suppose -21*j = -l*j - 1280. What is the tens digit of j?
5
Suppose 6*p - 5370 = -4*p. Let o = 801 - p. What is the tens digit of o?
6
Suppose -b - 18 = 5*r, -4*b - 3*r + 1 = 22. Suppose -o = -2*o - 8. What is the tens digit of 13/((-4 - o) + b)?
1
Suppose -212*d + 1460 = -210*d. What is the hundreds digit of d?
7
Suppose -12 = -3*h + h. Let x(s) be the third derivative of -s**5/60 + 11*s**4/24 - 3*s**3/2 + s**2. What is the tens digit of x(h)?
2
Let l(x) = 2*x - 2. Let a be l(2). Suppose 0 = -3*g + a*g - 9. What is the units digit of -3*(-6)/g - -6?
4
Let g = 2047 + -1584. What is the tens digit of g?
6
Suppose -3*s + 7*s + 2*n - 4564 = 0, -5707 = -5*s - 2*n. What is the thousands digit of s?
1
Let x = -963 + 2295. Suppose x = 7*c - c. What is the hundreds digit of c?
2
Let f(a) = 40*a**2 + 6*a - 14. What is the tens digit of f(2)?
5
Let d be 84/(-5) - -3*8/(-120). Let f = 25 - -5. Let c = f + d. What is the tens digit of c?
1
What is the units digit of ((-1728)/(-256))/((-6)/(-440))?
5
Let i be 0 + (4 - 1) - (-105 - 0). Let f = i + -76. What is the units digit of f?
2
Let k = 196 + -451. Let z = -119 - k. What is the tens digit of z?
3
Let n = -53 + 56. Suppose -139 - 224 = -n*g. What is the tens digit of g?
2
Suppose 3*y + 3*b - 1050 = -2*b, 4*b - 700 = -2*y. What is the hundreds digit of y?
3
Let z(q) = 2*q**2 - 20*q + 4. Let n be z(10). Suppose -2*u - 2*u = -5*g - 266, -56 = -u - n*g. What is the units digit of u?
4
Let m(h) = 154*h**2. Let s(i) = -4*i - 29. Let f be s(-7). What is the tens digit of m(f)?
5
Let x(b) = -b**2 - 10*b - 6. Let t be x(-4). Let k = 67 - t. What is the units digit of k?
9
Let a be (0 - -1)/(-3 + (-5)/(-2)). What is the units digit of (-4)/22 + ((-171)/(-33) - a)?
7
Let r(f) = -3*f + 2. Let j be r(-5). Let o = 54 - j. What is the units digit of o?
7
Let r be 92/3 + 16/(-24). Suppose 5*g - r - 15 = 0. What is the tens digit of ((-310)/(-15))/(6/g)?
3
Let v(p) be the first derivative of p**3/3 - 4*p**2 + 5*p + 5. What is the units digit of v(8)?
5
Suppose -117*s - 28*s = -146740. What is the tens digit of s?
1
Let o(j) = -4*j**2 - 8*j - 30. Let s be o(-12). Let c = s - -829. What is the units digit of c?
9
Let u(n) = 3 + 14*n**2 - 31*n**2 + 2*n + n**3 + 13*n**2. Suppose 4 + 0 = p. What is the units digit of u(p)?
1
Let q be (-5)/2*16/(-5). Let s = q - 8. Suppose f - 27 = -s*f. What is the tens digit of f?
2
Let w be ((-49)/3)/(3/(-18)). Let d = 155 - w. What is the units digit of d?
7
Let g(p) = p - 8. Let y = -7 + 28. Let m = y - 12. What is the units digit of g(m)?
1
Suppose 24*p - 24587 = p. What is the thousands digit of p?
1
Let t = 3778 - 2107. What is the units digit of t?
1
Let h be (-24)/(-15) + 6/(-10). Let v be 4 + (-162)/(-2) - h. Let o = -54 + v. What is the units digit of o?
0
Let f = 3 + -14. Let n(v) = -v**3 - 11*v**2 - 7*v + 15. What is the tens digit of n(f)?
9
Suppose 600*j = 602*j - 3176. What is the hundreds digit of j?
5
Suppose h + 4*h + 10 = 0, b = -4*h - 6. Suppose -b*r - 96 = 2*r. Let w = r + 45. What is the units digit of w?
1
Let h be (5 + -2)*(-222)/18. Let s = h - -19. What is the units digit of (2 - 1)/((-2)/s)?
9
What is the thousands digit of 38840/36 - ((-32)/(-36) - 1)?
1
Suppose -3592 = -7*t - 540. What is the hundreds digit of t?
4
Let z(y) = 11*y**2 + 10*y + 3. Let n = 110 + -107. What is the tens digit of z(n)?
3
Let p(c) = c**3 + 9*c**2 + 9*c + 13. Let z be p(-8). Suppose -z*l = -112 - 78. What is the tens digit of l?
3
Suppose 4*i = 4*k + 3484, 8*i - 3*i = -k + 4379. What is the units digit of i?
5
Let j(m) = 2*m**2 + m - 13. Let u be j(0). Let w = 27 - u. Suppose -5*h + 5*v = -w, 6*v = -2*h + v + 2. What is the units digit of h?
6
Suppose 0 = m - 176 - 91. Suppose 0 = -4*a - 2*c + 214, -5*a + 0*c + m = 2*c. What is the units digit of a?
3
Let c(i) = -i**3 + 8*i**2 + 2*i - 9. Let s(a) = 7*a - 3. Let f be s(3). Suppose -4*k + f = -14. What is the units digit of c(k)?
7
Let h(p) = p**3 + 3*p**2 - 5*p. Let q be h(-4). What is the tens digit of 2/(q/384*4)?
4
Let g = -2 + 12. Suppose g*m + 95 = 15*m. Let i = m - 12. What is the units digit of i?
7
Let j(y) = -y**3 + 2*y**2 + 2*y + 3. Suppose -4*p = 3 + 9, 2*p = -4*g + 6. Let z be j(g). Suppose 4 = 4*a - z. What is the units digit of a?
1
Let v(g) = -g**2 - 5*g - 1. Let r be v(-3). Suppose -5*p - r*a = 20, 5*p - a + 35 = -3*a. What is the tens digit of -1 + 20/(-6)*p?
2
What is the hundreds digit of (-24)/(-6) + (-2)/(4/(-3510))?
7
Let b = 337 - 304. What is the units digit of b?
3
Let s(z) = 116*z**2 + 4*z. What is the thousands digit of s(3)?
1
Suppose 3*w = 0, 2*y = -0*y + 5*w + 6. Suppose -3*l + u - y*u = -34, -l - 5*u = -7. What is the units digit of l?
2
Suppose -4*u + 12 + 12 = 0. Suppose 0 = 4*y - u*y + 90. What is the tens digit of y?
4
Let p = 266 + 490. What is the hundreds digit of p?
7
Let b(p) = 18*p - 8. Suppose 17*u = 16*u + 3. What is the tens digit of b(u)?
4
Let d = 2471 - 1119. What is the units digit of d?
2
Suppose -2*c + 5*i + 0*i = 3, -5*c - 4*i = 24. What is the tens digit of (137*c/(-12))/(2/6)?
3
Suppose 4*n + 4 = 0, 2*n + n = u - 6. Let w be 4 - (u - -2) - -5. Suppose -40 = -5*k + w*g, -k + 3*g = 2*k - 27. What is the units digit of k?
4
Suppose 22*c + 273 = 29*c. What is the tens digit of c?
3
Let u(j) = 127*j**3 + 3*j - 2. Let k be u(1). Suppose k = 5*c - 972. What is the hundreds digit of c?
2
What is the units digit of (-8 - -189) + -20 + 8?
9
Suppose -35 = -3*k - 4*y, -3*k - y - y = -25. Suppose -103 = -k*o + 217. What is the tens digit of o?
6
What is the hundreds digit of (239050